at is 0 - a38dd?
-a38dd
In base 3, what is 2 - -200012221?
200020000
In base 3, what is -10002212212 + -2?
-10002212221
In base 2, what is 110110100100111 - 100?
110110100100011
In base 15, what is -5 - 37c?
-382
In base 3, what is -12200 - 2111202?
-2201102
In base 5, what is 444 + -1422421?
-1421422
In base 14, what is -91b8c + 3?
-91b89
In base 11, what is 9710 - 92?
9629
In base 16, what is -49d7 - -1?
-49d6
In base 9, what is -280 + 58?
-221
In base 15, what is -6 + a41b?
a415
In base 6, what is 2221443 + -5?
2221434
In base 6, what is 325 + 142?
511
In base 14, what is 2 - 1b781?
-1b77d
In base 2, what is -1000100001011001 + -1000110?
-1000100010011111
In base 16, what is -4665 - 2?
-4667
In base 8, what is 111 + 7447?
7560
In base 16, what is d6ce + -25?
d6a9
In base 7, what is 166440 - -1?
166441
In base 3, what is -1012220 - 121000?
-1210220
In base 9, what is 33523 - -24?
33547
In base 11, what is 32a + 3850?
407a
In base 12, what is 29958 + 7?
29963
In base 9, what is -37450 - -13?
-37436
In base 2, what is 10 - 100101111100?
-100101111010
In base 2, what is 1101001 - -100111101000?
101001010001
In base 13, what is -2 - 2b16?
-2b18
In base 3, what is -22 - 100020122?
-100020221
In base 16, what is -9c053 - 3?
-9c056
In base 3, what is 0 + -1101110122?
-1101110122
In base 15, what is 5 + 1985e?
19864
In base 5, what is -13443 + -4324?
-23322
In base 14, what is 4 + -1020?
-101a
In base 5, what is -2101 + -14103?
-21204
In base 14, what is 49513 + 4?
49517
In base 4, what is -3020 - -3122020?
3113000
In base 9, what is -1 - -676514?
676513
In base 15, what is 64 - 8548?
-84d4
In base 8, what is -176 + -2316?
-2514
In base 7, what is 5 + -100450?
-100442
In base 10, what is -2 + 44916?
44914
In base 12, what is 274105 - -1?
274106
In base 11, what is 393 + -70?
323
In base 3, what is -2121110222 - 2?
-2121111001
In base 13, what is -1650c9 + 1?
-1650c8
In base 5, what is -1 + 413003?
413002
In base 8, what is 1012722 - -2?
1012724
In base 11, what is -4 - -5468?
5464
In base 16, what is -2 + 9b04?
9b02
In base 2, what is -101010100 - -10110111110?
10001101010
In base 7, what is -11 - -4516?
4505
In base 14, what is 4 + 8470?
8474
In base 8, what is 1 + 41337?
41340
In base 11, what is -3 + -57a41?
-57a44
In base 14, what is -49a3 + 6?
-499b
In base 8, what is 3 + 213143?
213146
In base 10, what is -2 - -182818?
182816
In base 9, what is -21 - 216780?
-216811
In base 14, what is 129 + 3651?
377a
In base 15, what is -1dac - 159?
-2016
In base 7, what is 2000654 + -1?
2000653
In base 15, what is -14 - -21d?
209
In base 8, what is 3026 + -3325?
-277
In base 9, what is -3 - 23670?
-23673
In base 4, what is -3 + 2232033?
2232030
In base 15, what is ae54 - 2?
ae52
In base 12, what is -168 + -26?
-192
In base 15, what is -5 - ead0?
-ead5
In base 11, what is 3 + -a7076?
-a7073
In base 3, what is 1221021 - -1202210?
10201001
In base 4, what is -10 - 201232130?
-201232200
In base 6, what is -3 + 151514?
151511
In base 14, what is 3b606 - 2?
3b604
In base 13, what is 0 + -441c?
-441c
In base 10, what is -90 + 18?
-72
In base 11, what is -4a060 - -12?
-4a049
In base 6, what is 3 - 114250?
-114243
In base 13, what is 29 - -202?
22b
In base 2, what is -100010000110101 + 1000?
-100010000101101
In base 14, what is -182611 + 0?
-182611
In base 10, what is 2 + -13606?
-13604
In base 16, what is 19 - -1646?
165f
In base 16, what is 3f516 - 6?
3f510
In base 7, what is -4 - 3200350?
-3200354
In base 2, what is -11000010001101 + 1101000?
-11000000100101
In base 11, what is 0 + -7307?
-7307
In base 10, what is -4 - 8773?
-8777
In base 7, what is 62 + -1051?
-656
In base 4, what is 30 - -2100320?
2101010
In base 14, what is 52906 + -2?
52904
In base 14, what is -27944d + -2?
-279451
In base 3, what is 1212122 - 112100?
1100022
In base 2, what is -1000001 + 1110110011100?
1110101011011
In base 11, what is -3aa + -1173?
-1572
In base 11, what is -105222 - -17?
-105206
In base 11, what is -53 + 20719?
20676
In base 2, what is -1010 - 100101100101000?
-100101100110010
In base 3, what is 1 - -122102022100?
122102022101
In base 6, what is 5 - -335451?
335500
In base 6, what is -54403 + 0?
-54403
In base 8, what is 5 - 134562?
-134555
In base 13, what is -8 - 316b4?
-316bc
In base 12, what is -3623 + 41?
-35a2
In base 13, what is 1 + -3c00?
-3bcc
In base 12, what is -75 + -a2?
-157
In base 5, what is -1211034 - -42?
-1210442
In base 12, what is -160 + 778?
618
In base 9, what is 252 + 7?
260
In base 6, what is 2 - 13035?
-13033
In base 12, what is 127 - -8a8?
a13
In base 6, what is 33352 - -10?
33402
In base 4, what is 100032032012 - 1?
100032032011
In base 11, what is -2 + -362a25?
-362a27
In base 12, what is 8 - -11066?
11072
In base 14, what is 71 - -131?
1a2
In base 14, what is 0 + -48c7?
-48c7
In base 11, what is -3a928 + 21?
-3a907
In base 7, what is 132623 + -3?
132620
In base 9, what is 4 - -55511?
55515
In base 8, what is -35 - -57204?
57147
In base 4, what is 10 + 23301213?
23301223
In base 6, what is 12453 + -100?
12353
In base 8, what is -1765522 - 4?
-1765526
In base 5, what is 41342 + -1?
41341
In base 4, what is 332031013 + 11?
332031030
In base 6, what is 53 - 254352?
-254255
In base 5, what is -223342 - -31?
-223311
In base 15, what is 1 - 12013?
-12012
In base 5, what is 1 - 12201124?
-12201123
In base 15, what is -3 + 133733?
133730
In base 5, what is 1 - 1244430?
-1244424
In base 15, what is -13496 + -6?
-1349c
In base 12, what is -1 - -2b9229?
2b9228
In base 8, what is -312766 + 4?
-312762
In base 15, what is 70a - -2?
70c
In base 5, what is 13411 - 20?
13341
In base 16, what is -45ade - 0?
-45ade
In base 2, what is 10 - -11101101001001100?
11101101001001110
In base 8, what is -172067 - 17?
-172106
In base 3, what is -11100 - -1122121?
1111021
In base 4, what is 1210210 + -30?
1210120
In base 4, what is 1023 - 223?
200
In base 9, what is -3 + -30408?
-30412
In base 9, what is -3 - 46578?
-46582
In base 2, what is 11 + 100110011001001?
100110011001100
In base 11, what is 720a - -5?
7214
In base 13, what is -8 - -504c?
5044
In base 3, what is 10000001 - 121?
2222110
In base 8, what is -50 + -3156?
-3226
In base 12, what is -3 - 30380?
-30383
In base 16, what is 214 - -b9?
2cd
In base 10, what is -27 - -23119?
23092
In base 7, what is 3465435 + -3?
3465432
In base 6, what is -24104 - -30?
-24034
In base 13, what is 1094 - 1b8?
ba9
In base 8, what is 51154 + 3?
51157
In base 10, what is 2 - 14965?
-14963
In base 9, what is -2 - 330227?
-330230
In base 2, what is -110 + -100010110111010?
-100010111000000
In base 9, what is 3 - -1376757?
1376761
In base 5, what is 110 + 32413?
33023
In base 13, what is -11545 - -6?
-1153c
In base 6, what is -50403 + 3?
-50400
In base 6, what is -310434 - -14?
-310420
In base 6, what is 124444 + 2?
124450
In base 8, what is 520017 - 4?
520013
In base 6, what is 1453233 - 5?
1453224
In base 6, what is 5224514 - 2?
5224512
In base 16, what is -13c57 - -9?
-13c4e
In base 16, what is -49 + 354?
30b
In base 14, what is -2a - -19c?
172
In base 2, what is -100011110010 + -110?
-100011111000
In base 10, what is 1283 + -2541?
-1258
In base 9, what is -40 - 13?
-53
In base 16, what is d96 - -2?
d98
In base 4, what is 2133 - 1?
2132
In base 5, what is -20021 - 30401?
-100422
In base 15, what is -24 + 4267?
4243
In base 2, what is 1000 - -100000011111?
100000100111
In base 16, what is 28 - -5192?
51ba
In base 8, what is -132304 + -12?
-132316
In base 8, what is -150616 + -7?
-150625
In base 5, what is 3 - -23231123?
23231131
In base 9, what is -5 + -32323?
-32328
In base 10, what is -1002 + 3977?
2975
In base 8, what is 122 - 451?
-327
In base 9, what is -4232 + 1118?
-3113
In base 4, what is 13200 + 132121?
211321
In base 8, what is 1054 - 33?
1021
In base 9, what is 18 - 11668?
-11650
In base 13, what is 0 - 3a0945?
-3a0945
In base 12, what is 58 + 15119?
15175
In base 10, what is 3 + 434469?
434472
In base 6, what is -42 - -43330?
43244
In base 10, what is -10 - -5272?
5262
In base 10, what is -3 + 136231?
136228
In base 16, what is 1231 + 8?
1239
In base 13, what is -4 + 31923a?
319236
In base 5, what is -2210243003 + 2?
-2210243001
In base 8, what is 11145 + 5?
11152
In base 6, what is 12221200 + -21?
12221135
In base 6, 